?
False
Does 19 divide 11976536?
True
Does 760 divide 3999880?
True
Does 655 divide 89543074?
False
Is 249570026 a multiple of 4?
False
Is 10 a factor of 334630980?
True
Is 169067618 a multiple of 782?
True
Is 2613098130 a multiple of 16839?
False
Is 6091836 a multiple of 8?
False
Is 116 a factor of 25516614?
False
Is 2742 a factor of 205586703?
False
Is 8 a factor of 2056162?
False
Is 527 a factor of 19187663?
False
Is 66 a factor of 15748194?
True
Is 154 a factor of 141649662?
True
Is 316 a factor of 78661564?
True
Does 25 divide 178987975?
True
Is 2098 a factor of 322464698?
True
Is 318 a factor of 3924727?
False
Is 9 a factor of 1032465071?
False
Is 27 a factor of 267259941?
False
Is 379 a factor of 90724641?
True
Is 153661604 a multiple of 36?
False
Is 591 a factor of 30263889?
False
Is 8714479 a multiple of 9?
False
Is 49 a factor of 361379998?
True
Is 1054508976 a multiple of 8?
True
Is 464285571 a multiple of 491?
False
Is 1576 a factor of 30432178?
False
Is 401229428 a multiple of 643?
True
Is 169861154 a multiple of 37?
True
Does 3 divide 247989850?
False
Does 2467 divide 21581316?
True
Is 10031508 a multiple of 9?
True
Does 1730 divide 32556870?
True
Is 1125 a factor of 132892875?
True
Is 3644 a factor of 55331294?
False
Does 14 divide 3858220?
False
Does 153 divide 401181611?
False
Does 51 divide 607613042?
False
Does 20 divide 108122640?
True
Does 7 divide 39850563?
False
Is 366235558 a multiple of 31?
False
Is 42 a factor of 22561434?
True
Does 2656 divide 159245792?
True
Is 3055 a factor of 1554592630?
False
Does 31 divide 53771298?
True
Does 198 divide 7003202?
False
Does 106 divide 131954792?
False
Is 396 a factor of 826958199?
False
Does 334 divide 59663756?
True
Does 5 divide 140678270?
True
Is 3160 a factor of 560644040?
True
Is 931 a factor of 121083270?
False
Is 11 a factor of 53110926?
True
Is 25274631 a multiple of 42?
False
Does 381 divide 1122173397?
True
Is 36233474 a multiple of 3761?
True
Is 678 a factor of 1866564469?
False
Is 7 a factor of 14874349?
True
Is 3822483 a multiple of 2155?
False
Is 1303253742 a multiple of 14?
True
Is 1027 a factor of 1407595645?
False
Is 575 a factor of 161164053?
False
Is 31 a factor of 227279352?
True
Does 1019 divide 1311316302?
False
Does 81 divide 353868345?
True
Is 65 a factor of 6477523?
False
Does 7 divide 16678345?
False
Is 177317856 a multiple of 32?
True
Is 411 a factor of 89905428?
True
Is 180618128 a multiple of 1081?
False
Is 619940705 a multiple of 5?
True
Is 19325230 a multiple of 10?
True
Is 356585454 a multiple of 18?
True
Is 1049 a factor of 849318654?
True
Is 176350111 a multiple of 529?
False
Is 141 a factor of 2016333470?
False
Is 5763648 a multiple of 22?
True
Is 34 a factor of 2122573744?
False
Is 293 a factor of 14053452?
True
Is 1014 a factor of 1857857898?
True
Does 151 divide 242912945?
True
Does 15 divide 23362802?
False
Does 178 divide 628258416?
False
Does 783 divide 6588945?
True
Does 1902 divide 97752217?
False
Is 90380240 a multiple of 80?
True
Is 316 a factor of 1646845602?
False
Is 145988820 a multiple of 788?
True
Is 22 a factor of 2883415888?
False
Does 114 divide 105053853?
False
Is 2152857 a multiple of 217?
True
Does 1301 divide 2064291574?
False
Is 763 a factor of 67762819?
False
Is 820 a factor of 175924440?
True
Does 1218 divide 103009914?
True
Does 51 divide 182994322?
False
Does 1129 divide 1167166951?
False
Is 1453941792 a multiple of 288?
True
Is 3116399 a multiple of 37?
True
Is 81954423 a multiple of 42?
False
Is 58149864 a multiple of 725?
False
Does 178 divide 452963519?
False
Is 138 a factor of 81769009?
False
Is 522 a factor of 1831741496?
False
Does 163 divide 187011891?
False
Does 3 divide 9787730?
False
Is 54 a factor of 2445699973?
False
Is 5814 a factor of 2786455006?
False
Is 1704 a factor of 386586480?
True
Is 5 a factor of 386610?
True
Does 1419 divide 86734956?
True
Is 147 a factor of 1366648969?
False
Is 15 a factor of 283307280?
True
Is 26 a factor of 157466741?
False
Is 8290056 a multiple of 9?
False
Does 36 divide 178375388?
False
Does 18 divide 142431660?
True
Is 88732622 a multiple of 323?
True
Does 53 divide 336011838?
True
Is 8263408020 a multiple of 490?
True
Is 1743 a factor of 389710437?
False
Is 33 a factor of 1209834450?
True
Is 4976818 a multiple of 1309?
True
Is 68 a factor of 2951200?
True
Is 714189304 a multiple of 269?
False
Is 151467866 a multiple of 1291?
True
Does 298 divide 9710716?
False
Is 1515308013 a multiple of 568?
False
Is 998 a factor of 31828721?
False
Is 1013 a factor of 99047955?
False
Does 55 divide 947392?
False
Does 20 divide 1249045170?
False
Is 97 a factor of 2258201840?
False
Is 772816493 a multiple of 69?
False
Is 266532167 a multiple of 1837?
True
Is 8410259499 a multiple of 7909?
False
Is 22 a factor of 424790784?
True
Is 159 a factor of 278174762?
False
Is 4 a factor of 4788529?
False
Is 33 a factor of 1595287010?
False
Does 20 divide 224949973?
False
Does 763 divide 17856719?
False
Is 6 a factor of 246755622?
True
Does 12 divide 103434439?
False
Is 194339292 a multiple of 445?
False
Does 31 divide 45598272?
True
Is 65 a factor of 253904885?
True
Is 529046287 a multiple of 3?
False
Is 32589697 a multiple of 29?
False
Does 300 divide 12339600?
True
Is 183 a factor of 32862714?
False
Does 6 divide 1304285?
False
Is 706387968 a multiple of 2144?
True
Does 776 divide 35556139?
False
Does 5 divide 2765050?
True
Is 282843221 a multiple of 145?
False
Is 1206167335 a multiple of 511?
False
Is 695 a factor of 54464112?
False
Does 5 divide 310599355?
True
Is 1746 a factor of 3280260834?
True
Is 105040658 a multiple of 61?
True
Does 170 divide 549394472?
False
Does 103 divide 555142172?
False
Does 256 divide 3757541527?
False
Is 50 a factor of 1618448524?
False
Does 20 divide 57708240?
True
Is 417 a factor of 10477125?
True
Is 6236274 a multiple of 11?
True
Does 19 divide 1118360463?
True
Does 3270 divide 2533925654?
False
Does 246 divide 319187706?
True
Does 3828 divide 297738012?
True
Is 369 a factor of 370921383?
True
Is 2572687845 a multiple of 21?
True
Is 52920224 a multiple of 153?
False
Is 6882829 a multiple of 5?
False
Is 236025954 a multiple of 29?
True
Is 7099 a factor of 694438378?
True
Is 1356219404 a multiple of 22?
False
Does 22 divide 9926840?
True
Does 215 divide 96779885?
True
Is 486536976 a multiple of 122?
True
Is 52443807 a multiple of 4979?
True
Does 11 divide 47118412?
True
Is 44597352 a multiple of 668?
False
Is 49 a factor of 2747002483?
False
Is 2495667 a multiple of 26?
False
Is 6681390 a multiple of 5?
True
Does 1657 divide 752471706?
False
Is 1772399897 a multiple of 16?
False
Is 51 a factor of 850260938?
False
Does 678 divide 101630334?
False
Is 4073965368 a multiple of 3464?
True
Is 51 a factor of 55058070?
True
Does 8 divide 218101881?
False
Is 2194 a factor of 587362389?
False
Is 145 a factor of 304604955?
False
Is 247 a factor of 275759939?
True
Does 36 divide 105743124?
True
Is 7 a factor of 104787382?
True
Is 300766429 a multiple of 74?
False
Is 182481332 a multiple of 187?
True
Does 320 divide 140595200?
True
Is 93 a factor of 153213421?
False
Does 18 divide 203180109?
False
Is 53 a factor of 147817?
True
Is 286 a factor of 118385661?
False
Is 35 a factor of 258206725?
True
Is 5 a factor of 35116561?
False
Is 262 a factor of 47171266?
True
Is 597 a factor of 9524072?
False
Is 1165 a factor of 24711013?
False
Is 1652030472 a multiple of 174?
True
Does 141 divide 1009734984?
False
Is 3 a factor of 350216107?
False
Does 69 divide 40015584?
True
Does 3 divide 2833726?
False
Is 681692113 a multiple of 6?
False
Is 13703296 a multiple of 6?
False
Is 94051648 a multiple of 1859?
False
Does 309 divide 62623279?
False
Is 32 a factor of 31624832?
True
Is 17 a factor of 394686486?
False
Does 13 divide 1449803375?
False
Is 628 a factor of 6318919?
False
Is 176052689 a multiple of 15?
False
Does 31 divide 204728278?
True
Is 24354999 a multiple of 153?
True
Is 303220333 a multiple of 15?
False
Does 3 divide 4933364?
False
Is 50831424 a multiple of 64?
True
Is 147040416 a multiple of 32?
True
Does 371 divide 40346752?
False
Is 173 a factor of 128282666?
False
Is 8 a factor of 610464?
True
Is 36718110 a multiple of 22?
True
Is 740275534 a multiple of 115?
False
Is 55